6)?
5
Let o(l) = -5*l**2 + 2*l + 19. Let d(r) = -6*r**2 + 3*r + 18. Let y(m) = 3*d(m) - 4*o(m). What is the tens digit of y(5)?
3
Let s be (-8)/36 + 48/(-27) + 4. Let w be ((2 - 2)/(-1))/(-1). Suppose w = s*t - 3*h + h - 46, -2*t - 4*h + 70 = 0. What is the tens digit of t?
2
Let c(s) = -16*s + 11. Let k be c(-9). Suppose 17*i = 12*i + k. What is the tens digit of i?
3
Let k be ((-280)/(-15))/((-2)/(-6)). Suppose k = -3*p + 251. What is the tens digit of (-288)/(-13) - 10/p?
2
Suppose 3*b = 5*c - 20, -c + 0*b + 4 = 5*b. Suppose c*q - 38 = 3*q. What is the units digit of q?
8
Let x be ((-3)/(-2))/(45/150). Suppose 5*z + 5 = x*b, 0*b - 3*b + 11 = z. Suppose 21 + 29 = z*t. What is the units digit of t?
5
Let i = 12263 + -8260. What is the tens digit of i?
0
Suppose -2*d + 6921 = 3*s, -4771 - 4440 = -4*s + 3*d. What is the units digit of s?
5
Let i(c) = 99*c**2 + 30*c + 58. What is the units digit of i(-2)?
4
Suppose -16 = -4*d, -3444 = -4*k + 25*d - 20*d. What is the units digit of k?
6
Let m be (42/(-10))/(4/(-140)). Suppose 5*a = -2*p + 228 - 41, 4*a - p - m = 0. What is the units digit of a?
7
Let z be (12/(-10))/(22/(-220)). Let t be ((-16)/(-10))/(z/30). Suppose 3*l = -t*d + 163, -d - 53 = -2*l + 63. What is the units digit of l?
7
Let z = -34 - -29. Let q = 19 - z. Let j = q + -2. What is the units digit of j?
2
Let f = 932 - 411. What is the tens digit of f?
2
Suppose -25*n + 4057 = -18818. What is the units digit of n?
5
Suppose -5*x = 2053 - 8363. What is the hundreds digit of x?
2
Let p(c) = 20*c - 1. Let o be (-2 - (-3)/(-6))*-2. Suppose 0 = 5*y - i - 2, o*y - 11 = -2*i. What is the units digit of p(y)?
9
Suppose 2*h + 48 = 4*x, 8*h + 64 = 3*h - 4*x. Let w be 2 - (2 - h/(-2)). Let s = 11 - w. What is the units digit of s?
3
Suppose 84778 - 622061 = -97*b. What is the units digit of b?
9
What is the hundreds digit of 8/14 + 153085/119?
2
Let q(f) = 10 - 17*f - 19*f + 27*f + 4*f**2. What is the units digit of q(5)?
5
Suppose 7*a = -0*a + 4158. Suppose 0*p = 3*p - a. Suppose 2*b = -5*y + p, -122 = 2*y - 5*y + 2*b. What is the units digit of y?
0
Let f(u) = u - 2. Let k be f(4). Suppose 0 = 4*q - k*o, 5*o - 16 = o. Suppose 3*s - r - 86 = -q*r, -3*r = 2*s - 69. What is the tens digit of s?
2
Suppose -2*b - 3*b + 35 = 0. Let t(a) = -3*a**2 + 10 + 2*a**2 - 6*a + 2*a**2. What is the units digit of t(b)?
7
Let o be (-2 - (0 + -4)) + 3. Suppose o*j - 251 - 229 = 0. What is the units digit of j?
6
Let m(h) = 2*h**3 - 3*h**2 + 4*h - 2. Let n be m(2). Suppose 0 = -b + n*b - 162. What is the tens digit of b?
1
Let d be -1 - -23 - (-1 - -3). Suppose v + v - d = 0. What is the tens digit of v?
1
Suppose 16*h + 0*h = 4528. What is the units digit of h?
3
Suppose -2*z - 66 = -p, 0 = 5*z + 2*p - p + 165. Let y = z + 204. What is the units digit of y?
1
Let f = 7 + -2. Let q(w) = w**2 - w + 1. Let z(t) = -4*t**2 + 16*t - 13. Let k(d) = 3*q(d) + z(d). What is the tens digit of k(f)?
3
Let m(y) = -63*y - 25. What is the tens digit of m(-3)?
6
Suppose 0*p - 5*j = 5*p + 10, 5*p - 3*j - 22 = 0. Let q(c) = 2*c**3 + 2*c**2 + c - 3. What is the tens digit of q(p)?
2
Suppose -64*z + 2*s = -68*z + 934, -2*z + 2*s + 476 = 0. What is the tens digit of z?
3
Let h(p) = 2*p**3 + 3*p**2 - p - 1. Let i be h(4). Suppose 5*r = -5*z - 533 - 52, 0 = 4*z + 12. Let k = i + r. What is the tens digit of k?
5
Let p(b) = -b**3 + 5*b**2 - 2*b - 4. Let l = 2 - -22. Suppose 4*n = 4*o - l + 8, 3*o - 5*n - 12 = 0. What is the units digit of p(o)?
4
Let h(g) = -3*g - 28. Let o be h(-11). Let r(z) = 3*z**2 + 8*z - 15. What is the hundreds digit of r(o)?
1
Let g(s) = -s**3 - 8*s**2 - 2*s - 14. Let z be g(-8). Suppose -z*r = -x + 67, 3*r = 2*r. What is the tens digit of x?
6
Let x(o) = o**3 - 15*o**2 - 15*o - 5. Let n = -23 - -39. Let z be x(n). Suppose -200 = 6*p - z*p. What is the units digit of p?
0
Suppose 4*b + 58 = -c, 3*b - 2*c = 2*c - 53. Let m = b + 17. Suppose 2*v - 7 - m = -r, 73 = 5*r - 4*v. What is the tens digit of r?
1
Suppose 2*s - 28 = -4*i, -i = 5*s + 5 - 21. Suppose -5*g - 127 = -i*g. What is the units digit of g?
7
Suppose -15 = -4*b - 7. Suppose -b*w - 6 = -42. What is the units digit of w?
8
Let n(m) = 12*m**2 - 6*m - 1. What is the hundreds digit of n(-8)?
8
Suppose 4*d - 15 = -d. What is the tens digit of 132 + (3 - 4) + (d - -1)?
3
Let k(u) = u**3 - 8*u**2 + 27*u - 9. What is the thousands digit of k(13)?
1
Let m = -124 + 437. What is the units digit of m?
3
Suppose 0 = -189*h + 160*h + 54404. What is the hundreds digit of h?
8
Suppose 5*n - 4 = 3*n. Let b be 5*(0 + 2)*(-32)/(-10). Suppose -5*p = j - b, -2*j - n*j = -2*p - 40. What is the tens digit of j?
1
Let a(o) = o**3 + o**2 - o + 1. Let c(m) = -7*m**3 + 7*m**2 - m - 34. Let r(l) = 6*a(l) + c(l). What is the units digit of r(12)?
2
Let x = -1700 + 3427. What is the hundreds digit of x?
7
Suppose 1190 = m + 4*i, -5*i = 98*m - 99*m + 1181. What is the units digit of m?
6
Let m = 11 + -18. Suppose 41*i - 2082 = -606. What is the tens digit of i/(-21)*m*1?
1
Let n be (-5)/(2/(28/(-35))). Let d = 0 - 1. What is the units digit of 7/((-1)/d) + n?
9
Let z = -1247 - -2704. What is the hundreds digit of z?
4
Let r(n) = 4*n - 15. Let b be r(8). Suppose 12*c - b*c + 285 = 0. What is the tens digit of c?
5
Suppose -20*u + 12772 = 2612. What is the tens digit of u?
0
Let x(i) = 3*i**2 - 11. Let f be x(4). Suppose 36*b = f*b - 109. What is the units digit of b?
9
Suppose 186 - 18 = 4*t. Let s be (-2)/(-4) - t/28. What is the tens digit of 33 + s + -3 + 4?
3
Let q(m) = -m**3 + 15*m**2 - 7*m - 2. Let a(y) = 2*y**3 - 7*y**2 - 13*y + 4. Let p be a(5). What is the units digit of q(p)?
6
Let d be (-2 + -54)/(-4) - 3. Let h = d + -2. Suppose a + h = 2*a. What is the units digit of a?
9
Let z be 1 + 3 - -1 - 0/(-102). Let t(v) = v**2 + 7*v + 6. Let h be t(-6). Suppose 261 = -h*u + z*u + j, -5*u + 4*j = -256. What is the units digit of u?
2
Let b(a) = a + 6. Let n be b(-10). Let s be n + (-11)/((-11)/12). Suppose s*d - 114 = 5*d. What is the units digit of d?
8
What is the thousands digit of (-570)/(-76)*(-470)/(-3)?
1
Suppose 5*g = -0*m + 4*m - 181, 3*g + m + 112 = 0. Let d = 52 - -2. Let o = g + d. What is the units digit of o?
7
Suppose -4*r + 14 = -3*r. Let y = -12 + r. Suppose 0 = 3*u + y*j - 139 + 42, -87 = -3*u + 3*j. What is the tens digit of u?
3
Let c be ((-405)/9)/(1 + -2). What is the units digit of (-7 - (-1 + -4)) + 1*c?
3
Let i(x) = 4*x**3 + 2*x**2 - 2*x + 7. What is the tens digit of i(7)?
6
Suppose 3*k - 11 + 2 = 0. Let q(d) = 4*d**2 + 0*d**2 + 3*d - 6 + 2*d**2 - d**k. What is the tens digit of q(6)?
1
Suppose -396 = -12*m + 11*m. What is the units digit of m?
6
Suppose -4*t - 2*t = -36. Suppose t*y + 0*y = 60. Suppose -2*a - y = -102. What is the units digit of a?
6
Let v(q) = -q**2 + 10*q + 39. Let l be v(-13). Let z = 398 + l. What is the tens digit of z?
3
Let l(g) = -1 - 4 + 4*g + 3 - 3*g. Let o be l(6). What is the units digit of (-46)/(-3) + o/6?
6
Suppose 3*v + q + 8 = 0, -5*v - 4*q - 12 = 6. Let h = v + 245. What is the tens digit of h?
4
Suppose -4*r + 5*p = 61, -3*r - r + p - 57 = 0. Let h be (r - -12)*(-3)/2. Suppose -m = -h*m + 106. What is the units digit of m?
3
Let n(p) = 7*p**3 + 2*p**2 - p + 6. Let m be n(-3). What is the units digit of m/(-8) - 1*5/20?
0
What is the tens digit of 8/(-76) + (-62436)/(-19)?
8
Suppose -1132 = -3*h - 223. What is the units digit of h?
3
Suppose -4*d - 49*c + 3175 = -52*c, -4*c = 3*d - 2400. What is the units digit of d?
6
Suppose 0 = -5*d - 34 - 181. Let a be (26/(-5)*-1)/((-9)/45). Let x = a - d. What is the units digit of x?
7
Suppose v - 5*i = -3*v - 55, 2*i + 17 = -v. What is the tens digit of (v/20)/(2/(-184))?
6
Suppose -13472 = 16*g - 32*g. What is the tens digit of g?
4
Suppose o - 62 = -9. What is the units digit of o?
3
Let i(r) = r**3 - 3*r**2 + 4*r - 2. Let h = 8 - 6. Let m be i(h). Suppose 0 = 5*a - 3*p - 18, m*a + 0*a = 4*p - 4. What is the units digit of a?
6
Let u = 467 - 157. Suppose 2*c + 4*j - 320 = 0, 5*j + u + 304 = 4*c. What is the tens digit of c?
5
Let x(p) = 36*p**2 - 4*p - 7. What is the tens digit of x(4)?
5
Let l be 1*(0 + -1) + -2. Let u be -9*(1 + -2)/l. Let y(b) = 3*b**2 - 3. What is the units digit of y(u)?
4
Suppose -3*q + 8 = u + 